8. Is m a composite number?
False
Let a(q) = -198*q - 169. Is a(-24) a prime number?
True
Let i(y) = -y**3 + 3*y**2 + 7*y - 6. Let n be i(4). Suppose 844 = n*a - 2*a. Is a prime?
True
Suppose 2*l + 2*o = 14074, -5*l = 3*o - 4208 - 30981. Is l prime?
True
Suppose 4*m - 15 = m. Suppose 0*j + m*j = 655. Is j composite?
False
Suppose -12*n = 29372 - 106040. Is n prime?
True
Let g = -1241 - -2833. Let t = g - 619. Is t prime?
False
Let g = -3 + 6. Suppose g*c - 293 = 2*c. Suppose 2*h - 4*l - c = -111, 182 = 2*h - l. Is h composite?
True
Suppose 8 = 5*j - 7, -2*n = j - 15. Suppose -a = -4*p - 8 - 17, -5*a + p + 201 = 0. Let f = a + n. Is f a prime number?
True
Suppose 3*l + 4 = 5*l - v, 0 = 3*v. Suppose 2*g + l*g - 100 = 0. Let x = 48 - g. Is x a prime number?
True
Let j(n) = -13*n**2 - 15*n + 23. Let p be j(6). Let r = p + 1034. Is r a composite number?
False
Suppose 0 = 4*c - 16 + 4. Suppose -c*k + 9*k - 1290 = 0. Is k a prime number?
False
Suppose -4*x = -x - 42. Suppose -o - 3*o = -3*r + x, 0 = 3*o - r + 13. Let u(q) = -q**3 - 5*q**2 - 5*q - 4. Is u(o) a prime number?
False
Let c = 34 + -17. Suppose 3*v = c + 4. Suppose -2*n + 19 = -v. Is n prime?
True
Let u = -27 - -26. Is ((-2)/(-6))/(u/(-237)) a composite number?
False
Let f(m) = 53*m - 97*m - 6 - 2*m**3 - 4 + 50*m + 7*m**2. Is f(-7) composite?
False
Let d be 110/4 + (-3)/(-6). Let f(k) = -k**3 - 13*k**2 + 2. Let r be f(-13). Suppose r*y = -2*y + d. Is y composite?
False
Is -1006*-4*2/16 prime?
True
Suppose 3*o = -t, -3 = -4*t + 2*o + 11. Suppose 2*x + t*x - 715 = 0. Suppose -h = -0*h - x. Is h prime?
False
Let a(n) = 12*n**3 + 2*n**2 - 2*n + 1. Let u be a(1). Let m(o) = -o**2 - 3*o + 69. Let c be m(7). Is u*(23 + 1 + c) a prime number?
False
Let g = 13 + -23. Suppose -357 = k - 2*r, -r = 5*k - 3*r + 1785. Is 5/g + k/(-6) a prime number?
True
Let o(m) = 4*m**3 - 4*m**2 + m - 2. Let a be o(2). Suppose -n + 599 - a = 0. Is n a prime number?
False
Is (-56)/(-98) + (-3692)/(-7) + -5 prime?
True
Suppose 30 = -3*w + 9*w. Suppose k + 5 = 2*r, -5*r + r + 45 = w*k. Let i(a) = a**3 + 3*a**2 + 12*a - 1. Is i(k) composite?
True
Is 16/(-3) - -6 - 80318/(-6) prime?
False
Let j(n) = -n**2 - n + 1. Let c(m) = -m**3 - 5*m**2 - m + 1. Let g(z) = -z - 11. Let q be g(-8). Let d(u) = q*j(u) - c(u). Is d(-5) a composite number?
True
Suppose -317 = -4*p - 3*x, 0*p + 3*x = -p + 77. Suppose -4*j - 2*t + p = -6*t, -72 = -5*j - 2*t. Is 953/5 - j/(-40) a composite number?
False
Let p(n) = n**2 - 12*n + 16. Let f be p(7). Let t = f - -69. Suppose 4*i = 2*i + t. Is i a composite number?
True
Let y(d) = 340*d**2 - 5*d + 11. Is y(4) prime?
True
Suppose y = -4*y - 5*u + 35, -27 = -3*y + 3*u. Let h = y - 1. Let f = h - -184. Is f a composite number?
False
Let h be (1/2)/(25/6 + -4). Is (h + -5)*9/6 - -256 a prime number?
False
Suppose 11957 = 5*f - h, 5*f + 11945 = 10*f + 5*h. Is f a composite number?
True
Let t(y) = -15907*y + 222. Is t(-7) a composite number?
True
Suppose -5*y + 4*n + 534671 = 0, -64*y - 5*n = -59*y - 534635. Is y a composite number?
True
Let h = -28 - -14. Let z = 161 - 254. Let i = h - z. Is i composite?
False
Let v(p) = p**3 + 2*p + 158. Let y be v(0). Suppose -4*a + y = -2*a. Is a composite?
False
Suppose 5*k + 5*a = 3*a + 10, -3*k + 2*a = -6. Let y(v) = 350*v - 23. Is y(k) a prime number?
True
Let q = 14958 + -6899. Is q prime?
True
Let g(p) = p - 7. Let s be g(7). Let w(m) = -m**3 - m**2 + 160. Let u be w(s). Suppose -7*z + 2*z + y = -188, -4*z + 4*y = -u. Is z composite?
False
Is 415960/240 + 2/(-12) prime?
True
Suppose -6954 = -5*z + z + 3*w, 5*z - 3*w = 8691. Let j = 2732 - z. Is j a composite number?
True
Suppose -71*h + 68*h - 75 = 0. Let f = h + 944. Is f composite?
False
Suppose 0 = 19*a - 126985 - 18460. Is a a composite number?
True
Let o be (5/3)/(10/24). Is (13549/(-34))/((-10)/o - -2) a composite number?
False
Let c = 46 - 44. Suppose -3*f + 6 = 0, 0*g = -3*g - c*f + 1351. Is g composite?
False
Suppose 3*z - 14835 = -l, 0*l - 4934 = -z - 4*l. Is z a composite number?
True
Suppose 7*n - 2*n - 6705 = 0. Let u = -950 + n. Is u a prime number?
False
Let n = -7604 + 4490. Let r be n/15 - 9/(-15). Let o = 940 + r. Is o composite?
False
Let n(h) = 49*h**2 + 4*h + 8. Is n(5) a prime number?
False
Let j(f) = -f**2 - 2*f + 2. Let i be j(-2). Let o be i*2/(-4) + 9. Suppose o*z - 6*z - 62 = 0. Is z prime?
True
Let c(g) = -3*g**2 + 10*g + 26. Let r be c(-3). Let u = r - -1328. Is u a prime number?
True
Suppose 0 = 3*c - 923 + 116. Suppose 4*j + 4*z - 205 = j, z - c = -4*j. Is j composite?
False
Let d(i) = 2902*i**3 + i**2 - 2. Let t be (-2 + 3/3)/(3 - 4). Is d(t) a composite number?
True
Let p(n) = n + 10. Let m(l) = -l - 10. Let s(t) = 3*m(t) + 2*p(t). Let o be s(-8). Let g(z) = 99*z**2 + 4*z + 5. Is g(o) prime?
False
Suppose -16778 - 82804 = -6*z. Is z composite?
True
Let j be (1/3)/((-4)/(-36)). Suppose f = j*f - 10. Suppose h = -f*m + 175, 0 = h - 7*m + 4*m - 191. Is h composite?
True
Let v be 9/24 + (-6)/16. Suppose -5*b = -5*x + 2770, 4*x + 0*b - 2*b - 2214 = v. Is x prime?
False
Let i = -13315 - -18872. Is i composite?
False
Let v(z) = -240*z - 5. Let q = 41 - 45. Is v(q) composite?
True
Let z(d) = 14*d**2 + 114*d + 41. Is z(-25) prime?
False
Suppose -40*r + 22*r + 249282 = 0. Is r a composite number?
True
Let r be (8752/24)/(2/(-72)*-2). Suppose r = p + 11*p. Is p composite?
False
Suppose -7*n = -3*n. Suppose n = 2*k + k. Suppose -5*l + 82 - 12 = k. Is l a composite number?
True
Suppose 0 = 2*o + 5*b - 732, -5*b - 1830 = -6*o + o. Suppose -28*j = -25*j + o. Let n = j - -199. Is n a composite number?
True
Is (-510)/(-408) + 5079/4 a composite number?
True
Let h be 52/10 + 6/(-30). Suppose j - 2782 = -3*s + h*j, 0 = 3*s - j - 2797. Is s a prime number?
False
Let k(l) = -l - 1. Let g(s) = s**2 + 2. Let x(f) = g(f) - 4*k(f). Is x(9) a composite number?
True
Suppose -60186 = -3*r + 5*o, 5*o = -3*r + r + 40149. Suppose 4*p + 3343 = r. Is p prime?
False
Let y = 2105 - 148. Let z = y - 623. Suppose 1108 = 3*t + k, -3*k + z = 4*t - 135. Is t composite?
True
Suppose -v + 612 = 2*t, 3*v - 1860 = -0*v + 2*t. Let i = -1016 + v. Let y = i + 689. Is y composite?
True
Let w(u) = -u + 12. Let c be w(7). Suppose -2*s + 3*z = -417, -4*s + 1030 = s + 5*z. Suppose -c*v + 602 - s = 0. Is v a composite number?
False
Let l be -253*((-5)/(-5))/1. Let n = l - -394. Is n composite?
True
Let u(g) = -13*g**2 + g + 8. Let d be u(-4). Let m = 89 - d. Is m composite?
False
Let c be 5*(5 + -7 - -3). Let y be 42*(-4)/(-10)*-15. Let s = c - y. Is s composite?
False
Let h be (-12)/8*((-40)/(-6))/(-2). Suppose 0*d + 8458 = 3*d + k, -3*k = -h*d + 14092. Is d a composite number?
False
Suppose 0 = -3*i - 0*i + 8085. Suppose -4*m = 5*x - 3286 - 75, i = 4*x - 3*m. Is x prime?
True
Suppose 2*n - 831 - 6993 = 0. Let b = -1999 + n. Let l = b + -942. Is l prime?
True
Suppose 4*z - 11 = 9. Suppose 33 = 4*v + h + 4*h, -2*v = z*h - 29. Suppose v*l - 139 = l + g, 5*l - 4*g - 695 = 0. Is l composite?
False
Is (-4)/(-2) + 2156 + (-3 - 2) a prime number?
True
Suppose -10755 - 27817 = -4*t - 4*l, -5*t - 3*l + 48223 = 0. Is t prime?
False
Is -1*(3 - 3987 - 15/3) a composite number?
False
Let i(c) be the third derivative of c**3 + 8*c**2 + 0 - 1/24*c**4 + 0*c + 1/2*c**5. Is i(5) a composite number?
False
Suppose -5*v + 3*r + 32260 = 0, 0 = -3*v + 3*r + 11882 + 7468. Let x = v + -4560. Is x composite?
True
Let z(y) = -y**2 - 2*y - 2. Let o be z(-2). Is (-728)/(-1) - (3 + o) composite?
False
Let l = 112 - -4615. Is l composite?
True
Let v(n) = n**2 - 7*n. Let l be v(7). Suppose 4*w + 4*z + 1714 - 6622 = 0, l = z. Is w prime?
False
Suppose 12*h - 42 = 9*h. Suppose h*q - 508 = 10*q. Is q composite?
False
Let k = 567 + 176. Is k a prime number?
True
Suppose 0 = 5*p - 3*m + 23, 4*p - 2*p + 26 = -3*m. Let b = -5 - p. Suppose -b*i = -3*i + 199. Is i a composite number?
False
Suppose -3*p - 28 = -8*p - 3*g, -28 = -2*p + 3*g. Let v = p - 6. Suppose -v*c = -291 - 155. Is c a prime number?
True
Is (-9)/27 - (-7104)/9 a prime number?
False
Suppose -2*q + 12458 = -3*o, -5*q + 5*o + 18096 = -13049. Is q prime?
True
Let g = 39866 - -869. Is g a composite number?
True
Suppose -5*l + 0 = -20. Let a(z) = z**3 + 7*z**2 - 2 + 8*z**2 - l + 3*z + 0. Is a(-13) composi